n 969 is divided by a?
15
Let v(n) = -11*n**2 - 6*n - 5. Let b(o) = 9*o**2 + 5*o + 4. Let r(z) = -6*b(z) - 5*v(z). What is the remainder when 199 is divided by r(7)?
49
Calculate the remainder when (-1)/(-28)*-7 - 2235/(-12) is divided by 99.
87
Let x be 264/3 - (3 + -1). Let i = x - 83. What is the remainder when 172/4 - (-3)/i is divided by 12?
8
Suppose -4*s = 5*t - 471, -7*t + 4*t - 5*s = -293. Suppose 95*i - 184 = t*i. What is the remainder when i is divided by 24?
22
Let m(p) = -181*p - 154. What is the remainder when m(-1) is divided by 5?
2
Suppose -12720 = -69*c - 19*c - 4888. Calculate the remainder when 1599 is divided by c.
86
Let r = -3202 - -3370. Calculate the remainder when 843 is divided by r.
3
Let r(f) = -f**2 + 40*f + 99. Calculate the remainder when 28 is divided by r(42).
13
Let k(d) = -93*d + 193. Calculate the remainder when 1083 is divided by k(2).
5
Suppose -163*k + 306*k = 1859. Let o = 27 - -115. Calculate the remainder when o is divided by k.
12
Let g = 5030 - 4315. Calculate the remainder when 3584 is divided by g.
9
Suppose 7*z - 3*z = 12*z. Suppose z = -t + 4*j + 27 + 4, 3*j - 18 = -2*t. What is the remainder when 177 is divided by t?
12
Suppose 4*c - 24 = 4*m, 7*c - 5*c = -m - 21. Let v = m + 39. What is the remainder when v is divided by 8?
4
Suppose 6*z = 16*z - 2850. Suppose 4*p - z = 2*u - 103, 5*u = -4*p + 161. Calculate the remainder when p is divided by 8.
4
Suppose -3*r = 15, 5*g - 2*r + 3*r - 13830 = 0. Calculate the remainder when g is divided by 63.
58
Let g(w) = 20 + 11*w + w**2 + 25 - 5. Calculate the remainder when 117 is divided by g(-10).
27
Suppose 9*d - 12*d = 5*z + 273, -4*z - d - 224 = 0. Let x(q) = -q**2 + 20*q + 21. What is the remainder when x(18) is divided by 48/456 + (-3)/(z/112)?
3
Suppose 288*g = 10406 + 1978. Calculate the remainder when 1200 is divided by g.
39
Suppose -7*a - 629 = -24*a. Let x = 95 + 85. What is the remainder when x is divided by a?
32
Let t = -20760 - -20909. What is the remainder when 3115 is divided by t?
135
Let a(q) = 10*q + 4. Let c(r) = -2*r**2 - 12*r + 17. Let p be c(-7). Suppose 19 = 5*d - 51. Calculate the remainder when a(p) is divided by d.
6
Suppose -11*b + 10*b = 3*y - 402, -144 = -y + 3*b. Let h = y + -110. What is the remainder when 1/(1*1/h) is divided by 8?
1
Suppose 61 = 2*s - 5*g, 0 = -5*s + 2*g + 3*g + 160. Suppose n = 4*n - s. What is the remainder when 76 is divided by n?
10
Suppose 11314 = 36*s + 1630. Calculate the remainder when s is divided by 48.
29
Let f(i) = -5 + 9*i - 39*i + 12*i + 13*i. Let b be f(-1). Suppose -h + 13 - 2 = b. Calculate the remainder when 32 is divided by h.
10
Suppose -4*s + w = -2824, -76*w + 71*w = 20. What is the remainder when s is divided by 91?
68
Let j(r) = 3*r**3 - 28*r**2 - 35*r + 84. Calculate the remainder when j(13) is divided by 113.
19
Let b(h) = 38*h - 72*h + 27*h - 1. Calculate the remainder when 9 is divided by b(-1).
3
Suppose -5*z - 151 = -2*t - 39, 32 = -4*z. Suppose 5*y = -5, 3*y - 5*y - 614 = -3*s. Calculate the remainder when s is divided by t.
24
Calculate the remainder when 1/14 + (-413214)/(-1708) is divided by 7.
4
Let d(k) = 6 - 4 + 20*k + 3 + 6*k. Suppose -2*a + 79 - 45 = 0. What is the remainder when d(1) is divided by a?
14
Let h = -44 + 47. Suppose 5*j = 17 + h. Suppose -3*q + 3*k + 69 + 273 = 0, j*q - 481 = -k. What is the remainder when q is divided by 20?
19
Suppose -87*o = -63*o - 384. What is the remainder when 64 is divided by o?
0
Let f = -264 - -369. What is the remainder when 745 is divided by f?
10
Let g(z) = -2*z**3 - 151*z**2 + 554*z + 95. Let p = 3 + -3. Suppose -3*s + 138 = -p*s. What is the remainder when s is divided by g(-79)?
14
Suppose 2*z = 6*z - 28. Let v(t) = t**2 - 6*t - 23. Let m be v(9). Suppose 0 = -m*s - 38 + 282. Calculate the remainder when s is divided by z.
5
Suppose 12 - 52 = -5*j. Let i(n) be the first derivative of n**3/3 + 10*n**2 + 41*n + 18. Calculate the remainder when i(-19) is divided by j.
6
Suppose 0 = -w + 18 - 7. Suppose w*d - 2*d - 36 = 0. Suppose -5*j + 0*b + 26 = 4*b, -2 = 5*j - 3*b. Calculate the remainder when d is divided by j.
0
Let r(x) = -2*x**2 + 91*x + 656. Calculate the remainder when 296 is divided by r(51).
11
What is the remainder when 206/1 + 24/(-1 - 3) is divided by (-34*(1 - 0))/((-4)/2)?
13
Let y(b) = -5*b**3 - 8*b**2 + 21*b + 86. What is the remainder when y(-7) is divided by 312?
14
Calculate the remainder when (3 - (3 + 1))/(438/(-1752)) is divided by (-2)/(-6)*(11 + -2).
1
Suppose 0 = 10*u - 5*u - 1820. Let i = 525 - u. Calculate the remainder when i is divided by 9.
8
Suppose -22*n + 15*n = -98. What is the remainder when ((-18)/(-3))/((-18)/(-153)) is divided by n?
9
Let x be (8/6)/((-3)/(-45)). Let m = 33 - x. Calculate the remainder when 25 is divided by (-2)/(-4) + m/(-4)*-2.
4
Suppose 0 = 5*q - 88 + 23. Let k(w) = -w**2 + 24*w + 27. Let v be k(25). What is the remainder when v/((-2)/(-46)*2) is divided by q?
10
Let x = -4188 - -4839. What is the remainder when x is divided by 208?
27
Suppose -5*g = 81 - 1261. Let l(o) = -68*o + 3815. Calculate the remainder when g is divided by l(56).
5
Let g be (154/(-21))/11*(-261)/6. Suppose -4*r = -4, -r - g = 4*y - 198. Calculate the remainder when y is divided by 11.
9
Suppose -4*w + 520 - 66 = 2*z, -4*w = z - 233. Suppose 183 = 15*b - n + 70, 5*b = -4*n + 3. What is the remainder when z is divided by b?
4
Suppose -8899 = -23*c - 3*i, 1895 = c + 4*c - 5*i. Calculate the remainder when c is divided by 199.
187
Let k(l) = 5*l**2 - 33*l + 64. Suppose 0 = 12*y + 337 - 1189. What is the remainder when y is divided by k(2)?
17
Let f = -1019 - -1773. What is the remainder when f is divided by 152?
146
Suppose 0 = -6*y + 32 - 20. Let n be (1 + -160 + y)/(-1). Let v = -69 + n. What is the remainder when v is divided by 23?
19
What is the remainder when 262 is divided by 19 - 8 - 4 - 25/(-4 - -3)?
6
Suppose -8*m = -3*m - 4*d - 75, 3*m + 4*d - 13 = 0. Let k = -76 - -118. Let z = k - 22. Calculate the remainder when z is divided by m.
9
Let h = -67 - -72. Suppose 0*y - y + a + 45 = 0, 275 = h*y + 5*a. Calculate the remainder when y is divided by 14.
8
Let g(i) = -3*i - 4*i - 33 + 25. Let t be g(7). Let k = 71 + t. What is the remainder when 81 is divided by k?
11
Let j be 6/(-10) + (-606)/(-10). Suppose -5*i = -280 - j. Suppose -25*l + i = -21*l. Calculate the remainder when 115 is divided by l.
13
Suppose 115*p + 20*p - 7135875 = -90*p. Calculate the remainder when p is divided by 36.
35
Let o(b) = -5*b - 2. Let u(f) = f + 220. Let p be u(-39). Let x = p + -152. What is the remainder when x is divided by o(-2)?
5
What is the remainder when ((-140)/(-245) + 52/(-42))/(7/(-27699)) is divided by 66?
64
Let o(t) = 5*t**2 - 4. Let q(z) = 0 + 3 - 137*z - 6*z**2 + 138*z. Let a(u) = -3*o(u) - 4*q(u). What is the remainder when 55 is divided by a(2)?
27
Let w = -442 - -632. Let p(f) = f**3 - 3*f**2 - 15*f + 29. Let u be p(5). Suppose -u*z - z = -w. What is the remainder when z is divided by 13?
12
Let u = 83 + -71. Suppose u = -4*r, 5*k - 4*r = r + 60. Let w = k + -4. Calculate the remainder when 12 is divided by w.
2
Suppose -167*t = -163*t - 3636. What is the remainder when t is divided by 183?
177
Suppose 7*z + 75 = 15*z - 149. What is the remainder when 48 is divided by z?
20
Let n be (-2)/6*(-3*4 - -3). Suppose n*a = o - a + 21, 84 = -4*o + 3*a. Let u = o + 33. What is the remainder when 33 is divided by u?
9
Let n(l) = l + 7. Let u be n(-8). Suppose -z - 4*v = 3*z - 40, 0 = -z - 4*v + 1. Calculate the remainder when (-1)/(u + (-72)/(-74)) is divided by z.
11
Let i(x) = 12*x**2 + 191*x - 36. Suppose 5*n + 5*y + 65 = 0, -3*y - 71 = 3*n - 8*y. Calculate the remainder when i(n) is divided by 6.
5
Suppose 2*u - k - 10 = 0, 3*k - k = -5*u + 16. Suppose -28 = -201*b + 199*b + 5*q, 0 = 2*b - 2*q - 34. What is the remainder when b is divided by u?
3
Suppose c = 3*q + 270, 601 = c - 4*q + 326. Calculate the remainder when 298 is divided by c.
43
Let k(d) = -10*d**3 + 38*d**2 + 74*d - 12. Calculate the remainder when 772 is divided by k(-2).
52
Let x(t) = -9*t - 211. Suppose a + a + 37 = -5*k, -4*a - 113 = -3*k. What is the remainder when 109 is divided by x(a)?
17
Suppose 0 = -71*u + 64*u -